k**2 + 7*k + 13. What is c(-38)?
-253
Let b(t) = -t**3 - 28*t**2 - 33*t - 128. Determine b(-27).
34
Let x(s) = -4*s**2 + 80*s - 18. Determine x(23).
-294
Let d(f) = 43*f**2 - 1250*f + 92. Determine d(29).
5
Let m(z) = -z**3 + 8*z**2 + 28*z - 101. Give m(7).
144
Let v(x) = -x**3 + 134*x**2 + 257*x + 1891. Give v(136).
-149
Let r(u) = -597*u + 32830. Determine r(55).
-5
Let f(h) = h**3 + 17*h**2 + 18*h + 137. Determine f(-8).
569
Let f(o) = 4*o - 175. Determine f(46).
9
Let r(g) = 316*g**2 - 8*g - 9. Give r(-1).
315
Let s(t) = 551*t - 80. Give s(-1).
-631
Let o(f) = -295*f - 27428. Determine o(-93).
7
Let a(z) = -37*z**2 + 122*z + 90. What is a(4)?
-14
Let l(s) = s**3 - 20*s**2 + 24*s - 51. Give l(19).
44
Let o(x) = 28*x**2 + 19*x - 129. Give o(5).
666
Let y(n) = 496*n - 484. Give y(1).
12
Let s(q) = -q**3 - 135*q**2 - 142*q - 1068. Determine s(-134).
4
Let o(n) = n**3 - 15*n**2 - 37*n + 73. Calculate o(17).
22
Let d(q) = -518*q - 4667. Determine d(-9).
-5
Let f(l) = -l**3 - 21*l**2 + 6*l + 24. Calculate f(-21).
-102
Let u(r) = -r**2 - 22*r + 174. Calculate u(6).
6
Let w(d) = -300*d - 281. Give w(-1).
19
Let u(z) = 81*z - 340. Give u(4).
-16
Let m(l) = -3*l**2 - 42*l - 23. Calculate m(-3).
76
Let z(y) = -y**2 - 25*y - 150. What is z(-14)?
4
Let b(d) = 6*d**3 - 5*d**2 + 33*d - 100. Calculate b(3).
116
Let j(l) = -80*l + 551. Determine j(7).
-9
Let w(v) = -v**3 - 4*v**2 - 27*v - 174. Calculate w(-5).
-14
Let h(g) = 107*g + 6485. Give h(-60).
65
Let t(y) = -52*y**2 - 6*y - 3. Determine t(-1).
-49
Let z(n) = -64*n + 63. Calculate z(1).
-1
Let b(z) = -3*z**2 - 56*z + 26. What is b(0)?
26
Let y(o) = -32*o - 249. What is y(2)?
-313
Let h(v) = 8*v**3 + 286*v**2 - 78*v - 67. Give h(-36).
149
Let q(m) = -192*m + 2300. Calculate q(12).
-4
Let s(n) = -n**3 - 138*n**2 + 142*n + 432. Give s(-139).
15
Let f(t) = t**3 - 222*t + 30. Calculate f(-15).
-15
Let r(m) = -3761*m + 60201. What is r(16)?
25
Let h(u) = 26*u**2 - 2*u + 6. Calculate h(-2).
114
Let o(u) = -u**2 + 25*u - 51. What is o(5)?
49
Let j(g) = -5*g**2 - 45*g - 92. Give j(-7).
-22
Let m(d) = -4*d + 651. What is m(56)?
427
Let o(u) = u**2 - 117*u + 2084. Calculate o(96).
68
Let t(i) = -8*i + 315. Calculate t(36).
27
Let v(x) = x**3 - 9*x**2 - 25*x - 15. What is v(9)?
-240
Let k(u) = -u**3 - 6*u**2 + 40*u - 3. Determine k(4).
-3
Let n(c) = 8*c**2 + 3*c + 87. Determine n(-6).
357
Let u(q) = 585*q - 27482. Give u(47).
13
Let y(i) = -i**3 - 32*i**2 - 238*i - 66. What is y(-11)?
11
Let i(d) = -d**2 - 10*d + 253. Calculate i(-24).
-83
Let u(n) = -19*n - 803. Give u(-43).
14
Let v(k) = 6*k**2 + 489*k + 1932. Give v(-4).
72
Let j(k) = 5*k**2 - 285*k + 1946. Give j(8).
-14
Let s(b) = -b**3 + 249*b**2 - 2174*b + 120. What is s(9)?
-6
Let f(j) = j**3 + 9*j**2 - 5*j + 5. Calculate f(3).
98
Let c(y) = -16*y + 29. What is c(-1)?
45
Let c(f) = f**3 + f**2 - f - 316. Determine c(0).
-316
Let f(l) = 245*l + 2201. Give f(-9).
-4
Let t(v) = 57*v**2 + 19*v + 55. Calculate t(-3).
511
Let x(a) = -1912*a + 130027. Calculate x(68).
11
Let o(b) = 43*b**2 - 137*b - 7. Calculate o(3).
-31
Let x(z) = z - 29. Calculate x(24).
-5
Let x(a) = a**3 - 2*a**2 - 2*a. Calculate x(6).
132
Let w(q) = -q**2 - 14*q + 328. Determine w(-29).
-107
Let j(n) = n**2 + 46*n - 470. Calculate j(8).
-38
Let q(f) = 7*f + 242. What is q(-36)?
-10
Let n(d) = -2*d**2 + 61*d + 644. Calculate n(39).
-19
Let b(m) = -10*m**3 + 209*m**2 + 68*m - 995. Calculate b(21).
-8
Let k(h) = 5*h + 71. What is k(-6)?
41
Let k(s) = 21*s**2 + 82*s + 50. Give k(-3).
-7
Let i(m) = -12*m + 310. Calculate i(26).
-2
Let b(z) = -2*z**3 - 140*z**2 - 403*z - 57. Calculate b(-67).
10
Let f(p) = -p**2 - 95*p + 31409. Give f(136).
-7
Let w(r) = -103*r - 2393. What is w(-23)?
-24
Let z(x) = x**3 - 6*x**2 + 142*x - 2223. Calculate z(11).
-56
Let j(o) = o**3 - 2*o**2 - 91*o + 339. Calculate j(4).
7
Let x(u) = -u**3 - 7*u**2 + 364*u + 3647. Give x(-12).
-1
Let i(p) = -6867*p + 27476. Give i(4).
8
Let r(y) = -356*y - 1071. What is r(-3)?
-3
Let b(v) = -24*v - 125. Give b(-6).
19
Let o(v) = -2*v**3 - 87*v**2 - 122*v + 158. What is o(-42)?
-10
Let f(q) = -2*q**3 - 60*q**2 + 4*q + 114. Calculate f(-30).
-6
Let x(b) = -27*b + 185. Give x(7).
-4
Let f(l) = -45*l + 8. Calculate f(5).
-217
Let l(g) = 26*g + 1167. Give l(-39).
153
Let b(m) = 114*m + 345. Calculate b(-3).
3
Let n(v) = 2*v**2 - 75*v + 160. Give n(35).
-15
Let x(r) = 4*r**3 - 32*r**2 + 19*r - 46. Calculate x(9).
449
Let a(g) = 2*g**2 + 16*g - 370. Calculate a(-17).
-64
Let f(k) = -221*k**3 - k**2 + 8*k - 7. Give f(1).
-221
Let i(u) = -3*u**3 - 61*u**2 + 42*u + 6. Determine i(-21).
6
Let f(k) = -48*k + 31. Calculate f(2).
-65
Let f(w) = 9*w - 195. Give f(27).
48
Let t(z) = -4*z**2 + 14*z + 21. Give t(5).
-9
Let s(r) = -3*r**3 + 39*r**2 - 54*r + 210. Give s(12).
-6
Let o(n) = -10*n - 173. Determine o(-15).
-23
Let z(u) = -66*u - 3292. Give z(-50).
8
Let d(m) = m**3 - 10*m**2 - 171*m - 5. Calculate d(-9).
-5
Let u(h) = h**3 + 11*h**2 - 10*h - 15. Calculate u(-8).
257
Let b(k) = 18651*k + 55953. Determine b(-3).
0
Let l(n) = 11*n - 63. Determine l(25).
212
Let n(i) = -9*i**3 - 9*i**2 + 18*i + 11. Give n(3).
-259
Let o(k) = -163*k - 1324. Determine o(-5).
-509
Let n(x) = -2*x**2 - 10*x - 6. Give n(0).
-6
Let r(c) = c**3 - 9*c**2 - 54*c + 481. What is r(7)?
5
Let p(g) = -4*g**3 - 5*g**2 - 35*g - 2. Calculate p(0).
-2
Let t(g) = -g**3 - 2*g**2 - 2*g - 16. Give t(-2).
-12
Let x(t) = -9*t**2 + 7*t + 21. Determine x(-2).
-29
Let d(k) = -k**3 + 11*k**2 + 7*k + 56. What is d(11)?
133
Let m(n) = -56*n + 44. Give m(1).
-12
Let a(t) = 85*t + 8556. Determine a(-101).
-29
Let q(m) = -m**3 - 4*m**2 + 5*m - 7. What is q(-6)?
35
Let o(s) = s**3 - 41*s**2 - 6*s + 221. Determine o(41).
-25
Let m(x) = 3*x**3 - x**2 - 4*x - 4. What is m(-1)?
-4
Let v(p) = 40*p - 864. Give v(22).
16
Let k(s) = -7*s + 219. What is k(34)?
-19
Let q(v) = -2536*v + 192736. Determine q(76).
0
Let f(o) = -o**3 + 33*o**2 + 32*o + 26. What is f(34)?
-42
Let t(d) = -3*d**3 - d**2 - 90. What is t(5)?
-490
Let x(q) = -q - 12. What is x(-11)?
-1
Let y(a) = 12*a**2 + 96*a - 108. Give y(1).
0
Let s(r) = -295*r - 24466. Calculate s(-83).
19
Let j(q) = 2*q**2 + 35*q - 266. Determine j(6).
16
Let i(u) = 2*u**2 - 76*u + 115. Give i(36).
-29
Let s(b) = -b**3 + 9*b**2 - 22*b + 24. Calculate s(5).
14
Let c(k) = 2*k**2 + 211*k + 5226. Give c(-40).
-14
Let g(l) = -l**3 - 7*l**2 - 69*l - 618. Give g(-8).
-2
Let k(h) = h**2 + 302*h + 6179. Calculate k(-22).
19
Let d(f) = f**2 - 52*f - 3283. What is d(89)?
10
Let d(l) = 3929*l - 15704. Calculate d(4).
12
Let n(z) = 2*z**3 + 30*z**2 + 32*z - 17. Determine n(-14).
-73
Let z(j) = j**3 + 23*j**2 + 93*j + 7. Give z(-18).
-47
Let s(j) = j**2 - 17*j + 102. Give s(5).
42
Let z(c) = 2*c**2 - 119*c + 1067. Determine z(11).
0
Let l(p) = 48*p**2 + 980*p + 329. Give l(-20).
-71
Let c(h) = 55*h - 288. Give c(5).
-13
Let o(j) = 125*j - 662. Calculate o(13).
963
Let v(n) = 50*n - 114. Determine v(4).
86
Let j(v) = 2079*v + 1977. Give j(-1).
-102
Let d(c) = c**2 + 91*c + 1371. Calculate d(-72).
3
Let p(c) = -c**3 + 11*c**2 - 570*c + 7746. What is p(13)?
-2
Let o(y) = -4*y**3 - 170*y**2 + 87*y + 40. What is o(-43)?
-3
Let x(k) = 11*k**3 - 8*k**2 + 13*k + 56. Calculate x(-3).
-352
Let s(d) = 3*d**2 + 46*d + 162. Calculate s(-9).
-9
Let i(d) = -101*d + 62. Calculate i(-2).
264
Let i(j) = -2*j**3 - 5*j**2 + 3*j + 130. Calculate i(-7).
550
Let r(n) = 8*n**3 - 49*n**2 - 115*n + 749. Calculate r(6).
23
Let d(m) = m**3 - 31*m**2 + 79*m + 32. Calculate d(28).
-108
Let u(d) = d**3 - 115*d**2 + 419*d + 2794. What is u(111)?
19
Let i(k) = -k**2 - 161*k - 1474. Determine i(-151).
36
Let b(j) = -5*j - 10. Calculate b(-8).
30
Let m(v) = -3*v**3 - 14*v**2 + 10*v - 31. Give m(-5).
-56
Let f(g) = -g**3 - 40*g**2 - 200*g - 98. What is f(-34)?
-234
Let h(j) = -4*j**2 - 584*j + 1796. What is h(-149)?
8
Let g(d) = 6*d**2 + 7*d + 2. Give g(1).
15
Let k(a) = 107*a + 10925. What is k(-102)?
11
Let x(l) = 16*l - 62. Give x(3).
-14
Let o(y) = y**3 + 16*y**2 + 20*y - 10. Give o(-15).
-85
Let q(g) = g**3 + 16*g**2 - 20*g - 37. Calculate q(-17).
14
Let o(y) = 86*y + 57. Calculate o(-2).
-115
Let o(q) = -557*q - 10. Determine o(0).
-10
Let u(g) = 26*g - 842. Give u(32).
-10
Let o(p) = p**3 - 